 - 15*h = 5184. What is the highest common divisor of 24 and h?
24
Suppose 122*y - 36790 = -187*y + 26*y. Calculate the greatest common factor of 871 and y.
13
Suppose -5*t + 475 = -2565. Suppose 0 = -3*z - 2*k + 728, -t = -3*z + 2*k + 128. What is the highest common divisor of z and 4?
4
Let s(v) = v**3 - 2*v**2 + v + 1. Let a be s(0). Let i be (2 - 1) + (13 - a). What is the highest common factor of 104 and i?
13
Let x = -1991 - -2125. What is the greatest common factor of x and 1407?
67
Suppose -2*r + 3 = -7. Suppose 5*h - r*i = 3748 + 3057, h = 2*i + 1359. Suppose 0 = 13*s - 1822 - h. What is the highest common factor of s and 35?
35
Let z(w) = 2*w**3 - 7*w**2 - w + 6. Let x = 480 + -476. Let a be z(x). Calculate the highest common factor of 27 and a.
9
Let l(v) = 9*v**2 + 2*v - 1. Let r be l(-2). Let z = -1160 - -1377. Calculate the highest common divisor of z and r.
31
Suppose 0 = 5*i - 158 + 48. Suppose -85 = -w + r, w + 23*r - 25*r - 82 = 0. Calculate the greatest common factor of i and w.
22
Suppose -491 - 289 = 5*t - 5*x, 0 = 5*t - x + 768. Let v = t + 204. What is the highest common divisor of v and 255?
51
Let c(x) = x**3 - 46*x**2 - 85*x + 112. Let v be c(48). What is the highest common divisor of v and 140?
20
Let o(m) = 2*m**2 + 59*m - 23. Let v be o(-30). Suppose 25 - v = 6*x. Let y = -12 + 15. Calculate the highest common divisor of x and y.
3
Suppose 11*p = -10*p + 3360. Suppose -p*x + 144*x = -6400. What is the greatest common divisor of 16 and x?
16
Suppose 121*l - 38539 = 52569 + 14646. What is the greatest common factor of 736 and l?
46
Let s be 300 + (1 - 0) + 5. Let b = -289 + s. What is the highest common divisor of 1 and b?
1
Suppose 2*d - 5*d = -27. Suppose 1 = -4*q + d. Let x be q + 2/(6/81). What is the greatest common divisor of 116 and x?
29
Let v = 170 - 117. Let c be 2/14 + -13352*(-11)/308. Calculate the highest common divisor of c and v.
53
Suppose -4*b + 2*w - 1668 = 0, -3*b + 3*w = -361 + 1615. Let p be 2/13 + (-768)/b. Suppose 0*k = 2*k - 48. What is the greatest common divisor of k and p?
2
Suppose 2*f = 4*g + 66, 0*f - 2*f + 51 = -g. Suppose h + 9 - f = 0. Suppose -2*i - 24 = -h*i. Calculate the highest common divisor of 1 and i.
1
Let b(c) = 114*c - 438. Let i be b(4). What is the greatest common divisor of i and 4194?
18
Let l = 164 - 52. Suppose 137*i + 8201 = 9845. What is the greatest common factor of l and i?
4
Let h(g) = g**2 + 41*g + 412. Let w be h(-89). Calculate the highest common factor of 4 and w.
4
Let t(q) = 47 - 76 + 61 + 5*q**2 - 10*q - 2*q**2. Let c be t(4). Suppose -z - z + 50 = 4*x, -15 = -3*x + 3*z. What is the greatest common factor of c and x?
10
Let x = 46 - 101. Let h = 58 + x. Suppose -3*l + 332 + 166 = 5*t, h*l + 12 = 0. What is the highest common factor of 6 and t?
6
Suppose 5*b - 344 = -2*n, 70*n = -b + 65*n + 78. Calculate the greatest common factor of 188 and b.
4
Suppose 1 = -131*n + 130*n. Let q(j) = -31*j**3 + j**2 + 5*j + 4. Let f be q(n). What is the greatest common divisor of f and 62?
31
Let t(z) = 5*z - 99. Let m be t(23). Let f be (361674/(-4245))/(2/80*-3). Calculate the highest common divisor of m and f.
16
Suppose 0 = -5*a + 76 - 6. Suppose 2 = 3*g + a. Let t be 29/3 + g/6. Calculate the highest common divisor of t and 63.
9
Let r be (2 - (-5 - -4)) + 15*32. Calculate the greatest common factor of 14 and r.
7
Let h be (-17)/((-255)/(-25520))*(0 + -3). Calculate the greatest common factor of 16 and h.
16
Let y(l) = -2001*l + 4013. Let n be y(2). Suppose -3*i + 4*m + 264 = 0, m + 88 = i + 3*m. Calculate the highest common factor of n and i.
11
Suppose 327*p = 8504 + 35641. What is the highest common divisor of p and 10746?
27
Let g(b) = -b**3 + 15*b**2 - 14*b + 1. Let q be g(14). Let j = q + 9. Let h(o) = 246*o - 1215. Let n be h(5). Calculate the greatest common divisor of n and j.
5
Let m(t) = t**3 + 11*t**2 - 13*t + 4. Suppose -18*u - 77 = -11*u. Let l be m(u). Calculate the greatest common divisor of 49 and l.
49
Suppose -314*b - z + 6890 = -309*b, -1378 = -b - 2*z. Calculate the greatest common divisor of 286 and b.
26
Suppose 3*q + 3*u = 6, -5*q + 3 + 7 = -5*u. Suppose -752 = -3*r + q*b, 4*r - 1002 = b + 2*b. What is the highest common divisor of r and 36?
36
Let k(c) = 22*c + 49. Let y be k(-2). Suppose -3*v = -y*v + g + 83, 4*g = -5*v + 175. Calculate the greatest common factor of 273 and v.
39
Let g = 61 + -32. Let r = g + -22. Let z = 6 + r. Calculate the greatest common factor of 65 and z.
13
Suppose -90*u + 40*u + 307500 = 0. What is the greatest common factor of 75 and u?
75
Let t(d) = -513*d + 7. Let r be t(-1). Calculate the greatest common factor of r and 91.
13
Let s be (40/(-25))/(9/(-2970)). Suppose -4*k - 3*c + s = 0, -k + 101 + 31 = -4*c. What is the greatest common factor of 18 and k?
6
Let o(a) be the first derivative of 2*a**3/3 - a**2 - 3*a + 46. Let l = -10 - -6. Let k be o(l). Calculate the greatest common divisor of 407 and k.
37
Let v(x) = 64*x**2 + 3*x + 9. Let g be v(3). What is the highest common divisor of 88 and g?
22
Let q = 1841 - 1386. What is the highest common factor of q and 35?
35
Let w = 11127 - 4897. Calculate the greatest common divisor of w and 70.
70
Suppose 0 = 2*t + 8*a - 3*a + 299, 0 = 5*t + 3*a + 776. Let x = t - -280. Calculate the greatest common factor of 82 and x.
41
Let z be ((-12)/(-3))/((-98)/(-35) + -2). Suppose -z*d + 318 = 93. Calculate the highest common factor of d and 120.
15
Let j = 26877 - 25512. What is the highest common factor of j and 3045?
105
Let p = 7048 - 6864. Calculate the greatest common factor of 984 and p.
8
Suppose 79 = 2*d - 65. Let j be (24/(-15))/((-24)/(-60)) - -5. Let w be ((-16)/6*-3)/j. Calculate the greatest common divisor of w and d.
8
Let a(o) = 167*o**2 + 2*o - 1. Let s be a(1). Suppose -5*m + 5*g + 670 = 0, -279*m - 388 = -282*m + 2*g. Calculate the highest common factor of m and s.
24
Let n(t) = 8*t**2 + 13*t + 12. Let p be n(-5). Let f(a) = -a**3 + 9*a**2 - 6*a - 14. Let g be f(7). What is the highest common factor of g and p?
21
Let c = 27 + -25. Suppose -5*q - 54 = -8*q - 4*p, -4*q - c*p + 82 = 0. Calculate the greatest common factor of q and 4.
2
Let s = -87 - -186. Let z = 2296 - 2252. What is the highest common factor of z and s?
11
Let q(y) = 36*y**2 - y - 1. Let s be q(-1). Suppose 14*w - 48 = -6. Let j be 7/(14/w) + 177/2. What is the greatest common divisor of j and s?
18
Suppose 69*g - 62*g + 168 = 0. Let r be 11 + g/(1 - -5). Calculate the greatest common factor of 14 and r.
7
Let n = -95 + 100. Suppose -5*l = n*k - 20 - 160, -4*k = l - 159. What is the greatest common divisor of 369 and k?
41
Let k = 2062 - 2049. Suppose 0*b + b - 11 = 2*z, 0 = -3*b - 5*z. Suppose -b*p = -31 - 99. Calculate the greatest common divisor of p and k.
13
Let y = 808 + -804. Let h(z) = z**2 - 6*z + 3. Let s be h(5). Let q be s + y + -3 + 4. What is the highest common divisor of q and 5?
1
Let n = -8 - -16. Let w be (-9 - 174/(-18))/(6/972). Calculate the highest common divisor of n and w.
4
Let p(o) = -o**2 - 12*o - 45. Let w be p(-5). Let d(g) = 4*g**2 + 13*g - 40. Let l be d(w). What is the highest common divisor of 5 and l?
5
Let o = 11197 + -6963. What is the highest common divisor of o and 219?
73
Let x(j) = 246*j**2 + 12*j - 2. Let r be x(-1). What is the greatest common divisor of r and 256?
8
Let f be 1/(-3)*(2 - 2). Suppose 4*i + f*i = 16. Suppose -601 = -i*w + 731. What is the greatest common divisor of w and 37?
37
Suppose 5*r = -5*z + 100, -z - 4*r = -0*r - 35. Suppose -z*i = 75 - 840. Calculate the highest common factor of i and 187.
17
Suppose 4*q - 224 = -3*b + 194, 5*b - q = 735. Calculate the greatest common factor of b and 13505.
73
Let p be 1 - -3 - (17 + -15). Let o be 25*(-1)/p*-2. Suppose -4*b = -o - 71. What is the highest common factor of b and 16?
8
Suppose -3*h = -6, -4*b + 3*h + 24 = 5*h. Suppose -b*d + 71 - 11 = 0. Let i be (4/d - (-7)/3)*18. What is the highest common divisor of 6 and i?
6
Let a(b) = -18*b**3 - 11*b**2 - 20. Let h be a(-5). Calculate the highest common divisor of h and 51.
17
Let o be (13/((-260)/(-15)))/((11/(-160))/(-11)). What is the highest common divisor of o and 96?
24
Let u be ((-11)/22)/(1/(-2)). Suppose p + u = 11. Let z = -